ed by a.
5
Let f = -547 - -562. What is the remainder when 206 is divided by f?
11
Suppose 0 = 3*r - x - 174, -5*r + 2*x = 3*x - 290. Suppose 8 = -3*v + 53. Calculate the remainder when r is divided by v.
13
Let r(t) = -4*t - 1. Let x = 8 - 1. Suppose i - 67 = -5*j, 0 = -j + 5*i - 2*i + x. Calculate the remainder when j is divided by r(-2).
6
Suppose -107*g = -92*g - 210. Calculate the remainder when 25 is divided by g.
11
Let k(a) = -a**3 + 5*a**2 + 5*a + 1. Let x be (57/(-19))/((-3)/5). What is the remainder when k(x) is divided by 7?
5
Suppose 3*n + 193 - 475 = 0. Calculate the remainder when n is divided by 84.
10
Calculate the remainder when (-3)/(42/4)*(-23 + -75) is divided by 6.
4
Let y = -787 - -1200. What is the remainder when y is divided by 30?
23
Suppose 0 = 5*y + 2*f - 267, 5*y + 10*f - 9*f - 266 = 0. What is the remainder when 263 is divided by y?
51
Let s(j) = -j**2 - 5*j - 54. Let f be s(0). Let g = f + 60. Calculate the remainder when 6 is divided by g.
0
Suppose 0*u = d + 4*u - 32, 4*d - 90 = 3*u. Calculate the remainder when (-6)/(-21) - (-626)/14 is divided by d.
21
Suppose -31 = -3*o + 38. Let w be 4/(-6) + 80/30. Let d = w + o. What is the remainder when 73 is divided by d?
23
Let i(s) = -3*s + 31. Calculate the remainder when 128 is divided by i(6).
11
Suppose 5*h - 346 = 3*x, h + 2*x - 15 = 49. Suppose -k = 3*i - h, 0 = 3*i - 4*i + k + 16. What is the remainder when 62 is divided by i?
20
Let a = -607 + 895. What is the remainder when a is divided by 17?
16
Let u(m) = -11*m + 0*m + 12 + 7 - 6. Let p be u(-12). Suppose 6*l - p = l. Calculate the remainder when l is divided by 15.
14
Let x(l) = -l**3 - 6*l**2 - l + 1. Let u be x(-6). Let m = u + -4. Let q(v) = -v**2 + 16*v + 9. Calculate the remainder when q(16) is divided by m.
0
Let o(p) = -p + 8. Let i be o(-8). Let r = i - -21. Let d = r + -11. Calculate the remainder when 51 is divided by d.
25
Let z = 126 + -103. Let i be ((-2)/2 - -4) + 16. Suppose -29 = -4*t + i. Calculate the remainder when z is divided by t.
11
Let p(f) = 2*f**2 + 12*f + 16. Let m be p(-7). Suppose m = a + 3. What is the remainder when a is divided by 6?
3
Let o(u) = u**2 - 6*u + 3. Let i be o(6). What is the remainder when 12*i/(-36)*-21 is divided by 12?
9
Let u = -169 + 208. What is the remainder when 79 is divided by u?
1
Let n be (-4 - 3 - -4)/((-6)/98). Suppose 3*g - 4*g + n = a, 3*a + 4*g - 147 = 0. Calculate the remainder when a is divided by 26.
23
Let h(b) = 22*b. What is the remainder when h(1) is divided by -1 + ((-1)/8 - (-73)/8)?
6
Let n = 36 - 28. Suppose -n*z = -5*z - 90. What is the remainder when 44 is divided by z?
14
Let x(j) = -31*j - 1. Let v be x(1). Let a = v - -53. Suppose -5*h - 205 = -5*u, -3*h + 4*h + 123 = 3*u. What is the remainder when u is divided by a?
20
Suppose 5 = 4*h + 61. Calculate the remainder when 2*h*(-9)/12 is divided by 2.
1
Suppose 5*b - 4 - 291 = 0. What is the remainder when b is divided by 5?
4
Suppose 0 = -2*x + 5 + 169. Suppose 0 = -3*l - x - 63. Let u = l + 78. What is the remainder when 54 is divided by u?
26
Let n(b) = b + 1. Let m(z) = 44*z - 3. Let o(x) = m(x) + n(x). Let f be o(-2). Let l = -31 - f. What is the remainder when l is divided by 31?
30
Let d be ((-18)/12)/(2/40). Let t = -22 - d. Calculate the remainder when t is divided by 2.
0
Let w = 26 + -9. Suppose -8*v - 4*f + 42 = -5*v, -3*v + 3*f + 21 = 0. What is the remainder when w is divided by v?
7
Let q = 9 - 5. Suppose -q*i + i + 6 = 0. Suppose i*b = x + 6*b - 9, b = -2. What is the remainder when 49 is divided by x?
15
Let d(z) = -z**3 - 5*z**2 + 6*z. Let w be d(-6). Suppose 4*t = -w*u + 4*u - 44, -2*u + t = -27. What is the remainder when u is divided by 9?
7
Let a = -540 - -642. Calculate the remainder when 320 is divided by a.
14
Let c = -14 + 17. Suppose 2*n = 6, c*n = -g + 2*n + 36. Suppose d - g = 21. What is the remainder when d is divided by 19?
16
Suppose 0 = -4*n - 6 - 6. Let o be 168/18 - (-1)/n. What is the remainder when 23 is divided by 3/1 - (o - 19)?
10
Let q = -154 + 235. Calculate the remainder when 565 is divided by q.
79
Let w(h) = 2*h + 14. Let i be w(8). Let t = i - 15. Calculate the remainder when t is divided by 5*1 - (-3 + 2).
3
Suppose -l + 37 = -0*l. Let a = 55 - l. Suppose -3*f = -f - a. Calculate the remainder when 25 is divided by f.
7
Let j = -10 + 4. Let v(u) = u**3 + 5*u**2 - 7*u + 3. Calculate the remainder when 60 is divided by v(j).
6
Let p = -58 + 43. Let a = 19 - 10. What is the remainder when 14 + (-2)/10 + (-48)/p is divided by a?
8
Suppose 0 = -8*q - 37*q + 12150. Calculate the remainder when q is divided by 39.
36
Let w be 1 + 1*(3 - 6). Let x(z) = -33*z + 5. What is the remainder when x(w) is divided by 18?
17
Let a(v) = -18*v - 1 - 9 - 5. Let j(r) = r**2 + 2. What is the remainder when a(-7) is divided by j(6)?
35
What is the remainder when 146 is divided by 5/(-4)*(37 + -57)?
21
Let d = 29 + -16. Suppose -4*o + 1 + 15 = 0. Calculate the remainder when 1/o - 2030/(-40) is divided by d.
12
Suppose -15*w + 2286 = -534. Calculate the remainder when w is divided by 59.
11
Let y(o) = -7 - 3*o**3 + 8*o - 5*o + 7*o**2 + 2*o**3. Suppose -17 = -3*z - 2. What is the remainder when y(z) is divided by 15?
13
Let d(r) = -5*r - 4. Let o(g) = g**2 + 9*g - 1. Let j be o(-8). Let a be d(j). What is the remainder when (0 + 1)*(a + 6) is divided by 12?
11
What is the remainder when 162 is divided by (2/(-7))/(-3 + (-205)/(-70))?
2
Suppose 5*x = 6*x - s - 138, x - 154 = 5*s. Suppose 3*o = k - 4*k + 84, 5*o + 3*k = x. What is the remainder when 49 is divided by o?
24
Calculate the remainder when 274 is divided by 46*(2 + (-21)/14).
21
Let a(b) = 3*b**2 + 1. Let j be a(1). Suppose -j*g - 360 = -14*g. What is the remainder when 136 is divided by g?
28
Suppose 3*d = 14 + 43. Calculate the remainder when d is divided by -4*(-76)/(-114)*1*-3.
3
Let x(z) = -17*z**3 - 2*z**2 - 9*z - 2. Calculate the remainder when x(-2) is divided by 24.
0
Let o(d) = 19*d**2 + 12*d + 20. Let n be 1/4 - 63/28. What is the remainder when o(n) is divided by 15?
12
Suppose -2*p = -29 - 9. Let i be -14*(-2)/12 + 12/18. What is the remainder when i*(-4)/(48/(-148)) is divided by p?
18
Suppose 0 = 5*d + 5 - 40. Let f(g) = g**2 + 3*g - 1. Let c be f(-7). Suppose 3*q - 2*q = c. What is the remainder when q is divided by d?
6
Suppose -33*i - 1938 = -90*i. What is the remainder when 473 is divided by i?
31
Suppose s + 120 - 131 = -b, -3*s - 4*b + 37 = 0. What is the remainder when 212 is divided by s?
2
Calculate the remainder when 74 is divided by 692/18 + 400/(-900).
36
Suppose 91*c + 2832 = -107*c + 210*c. Let r(l) = -l**3 - 5*l**2 + 4*l + 2. Calculate the remainder when c is divided by r(-6).
12
Let y(t) = t**3 + 10*t**2 - 13*t - 8. Suppose 51 = -5*m - j, -2 + 66 = -4*m + 5*j. What is the remainder when 27 is divided by y(m)?
13
Let c(g) = g + 21. Let f be (-68)/(-2)*(3 - 42/12). Calculate the remainder when 8 is divided by c(f).
0
Suppose 3*v + 5*i = 167, 5*v - 272 = 8*i - 10*i. What is the remainder when v is divided by 14?
12
Calculate the remainder when (6/(-4))/(45/(-2010)) is divided by 10.
7
Let m(i) = 10*i + 119. Let n(r) = 42*r + 1. Calculate the remainder when n(1) is divided by m(-11).
7
Let a be (-4 - (-75)/10)/(2/24). Let p = 52 - a. Suppose 3*g + 1 - 13 = 0. Calculate the remainder when p is divided by g.
2
Let i(g) = -14*g + 492. Calculate the remainder when i(26) is divided by 9.
2
Let x(k) = -7*k + 5. Let s(p) = 20*p - 14. Let j(t) = 5*s(t) + 14*x(t). Suppose -i + 1 = -0. Calculate the remainder when j(i) is divided by 2.
0
What is the remainder when 1161 is divided by 106 + 1/(2/(-18))?
94
Let v = -409 - -572. What is the remainder when v is divided by 32?
3
Let i = 112 + -110. Let p(l) = 2 + l - 2. Calculate the remainder when 6 is divided by p(i).
0
Let g(m) = -2*m**3 + 2*m**2 + 2*m. Let a be g(-1). Suppose r = 5 - 0. Calculate the remainder when (a/(-5))/((-8)/240) is divided by r.
2
Let q be 3*3/(9/32). Suppose -3*m = 20 - 11. Let y = q + m. Calculate the remainder when y is divided by 10.
9
Let g = -9 + 15. What is the remainder when (-1 + 0)*(-38 + 162/18) is divided by g?
5
Let z(n) = 2*n**3 + 31*n**2 + 15*n + 37. What is the remainder when z(-15) is divid